s 5053117 prime?
True
Is 913751 prime?
False
Is 471271441 composite?
False
Is 1496809 composite?
True
Is 263023877 a prime number?
True
Is 1650371 composite?
False
Is 305629591 composite?
True
Is 15118591 a prime number?
True
Is 3033233 a composite number?
True
Is 623657 a prime number?
False
Is 6078313 a composite number?
True
Is 2001037 a composite number?
False
Is 3126653 a composite number?
False
Is 368170961 composite?
True
Is 3820411 a prime number?
False
Is 1080329 a composite number?
False
Is 10859801 prime?
True
Is 195393179 prime?
True
Is 1415429 composite?
True
Is 6627479 a prime number?
True
Is 8320289 composite?
False
Is 1927243 composite?
True
Is 1664771 a prime number?
True
Is 35959135 composite?
True
Is 5541506 prime?
False
Is 34672399 composite?
False
Is 561211691 a composite number?
False
Is 118921227 prime?
False
Is 2875877 prime?
False
Is 421913953 a composite number?
True
Is 664733669 prime?
False
Is 70003259 prime?
False
Is 1194462895 a prime number?
False
Is 11055749 composite?
False
Is 384133291 a prime number?
True
Is 9847583 a composite number?
True
Is 10600813 prime?
True
Is 2762401 a prime number?
True
Is 121873823 a composite number?
True
Is 887021 a composite number?
True
Is 35003809 a composite number?
True
Is 6696773 prime?
True
Is 214312661 a prime number?
True
Is 413431691 prime?
False
Is 7516289 a prime number?
False
Is 3507965 a prime number?
False
Is 33058643 composite?
False
Is 12769049 prime?
True
Is 68508107 composite?
False
Is 221280113 prime?
True
Is 392567 a composite number?
True
Is 4337471 composite?
False
Is 38297789 a prime number?
True
Is 255663113 composite?
True
Is 1765287673 a composite number?
False
Is 225092591 a composite number?
False
Is 7942963 a composite number?
True
Is 1751362 composite?
True
Is 122270585 a composite number?
True
Is 10264979 prime?
True
Is 1220327 a prime number?
True
Is 5054731 composite?
True
Is 72633823 a composite number?
False
Is 2713489 prime?
False
Is 108991633 a composite number?
True
Is 47521 prime?
True
Is 107599727 a composite number?
True
Is 8515471 a composite number?
False
Is 2389403 prime?
True
Is 12934169 composite?
False
Is 1132613 a composite number?
True
Is 7225091 a prime number?
True
Is 139344871 composite?
True
Is 1096602097 composite?
False
Is 135487799 a prime number?
True
Is 24031223 a prime number?
True
Is 37083941 a prime number?
False
Is 15962099 prime?
False
Is 259391227 a prime number?
False
Is 77834749 a prime number?
False
Is 24313531 composite?
True
Is 39373721 composite?
False
Is 3828289 a prime number?
False
Is 23428291 a prime number?
True
Is 31144219 composite?
True
Is 6553285 composite?
True
Is 1074223 prime?
True
Is 3704047 composite?
True
Is 80561 a composite number?
True
Is 1303174 a composite number?
True
Is 38362871 a prime number?
True
Is 53395421 a composite number?
True
Is 7223653 prime?
False
Is 18862457 prime?
False
Is 4485343 a composite number?
True
Is 30640019 a prime number?
True
Is 2147179 a prime number?
False
Is 3287261 a prime number?
True
Is 37461029 a composite number?
False
Is 2131771 a prime number?
True
Is 4402597 composite?
False
Is 3954713 a prime number?
False
Is 41069261 a composite number?
False
Is 848291 a prime number?
False
Is 2234063 a composite number?
True
Is 45125621 composite?
False
Is 1971563 a composite number?
True
Is 864533 composite?
False
Is 365071 a composite number?
True
Is 84270283 a composite number?
True
Is 16939861 a prime number?
True
Is 14624891 composite?
False
Is 14121703 a composite number?
True
Is 3502333 a prime number?
True
Is 1192553 a composite number?
True
Is 14861437 a prime number?
True
Is 36333383 composite?
False
Is 5124479 a prime number?
True
Is 13577591 prime?
True
Is 516448235 a prime number?
False
Is 2233843 a composite number?
False
Is 1494854457 prime?
False
Is 96527 prime?
True
Is 12678067 a composite number?
True
Is 60060503 a prime number?
True
Is 1152803 a prime number?
False
Is 150529003 prime?
True
Is 46527527 a composite number?
False
Is 51795517 a composite number?
True
Is 706823 a prime number?
False
Is 4192933 prime?
False
Is 204805 a prime number?
False
Is 26739461 prime?
False
Is 33517895 prime?
False
Is 6285203 a prime number?
False
Is 2260859 composite?
False
Is 29682869 composite?
False
Is 279059765 prime?
False
Is 199853 a composite number?
False
Is 261234067 prime?
True
Is 551351 prime?
False
Is 334667161 prime?
False
Is 33288161 a composite number?
False
Is 16115857 composite?
True
Is 35626609 composite?
True
Is 283891 composite?
True
Is 381097 a prime number?
True
Is 854517307 composite?
True
Is 113292869 prime?
True
Is 41657479 a prime number?
True
Is 3366347 a prime number?
True
Is 5542001 a prime number?
True
Is 49437497 prime?
True
Is 26031173 a composite number?
True
Is 98248351 a composite number?
False
Is 3747509 prime?
False
Is 24564563 a prime number?
True
Is 175628831 prime?
False
Is 26724379 a prime number?
False
Is 5302573 prime?
True
Is 22171397 a composite number?
False
Is 9761107 composite?
False
Is 96714167 composite?
True
Is 12526505 a prime number?
False
Is 2750809 a composite number?
False
Is 2076265 prime?
False
Is 6228353 a prime number?
True
Is 7330387 prime?
False
Is 2676607 a composite number?
True
Is 182323 a prime number?
False
Is 66643157 prime?
False
Is 24873391 a prime number?
False
Is 111295 prime?
False
Is 41520251 a composite number?
False
Is 2530981 a prime number?
True
Is 960947759 a prime number?
False
Is 764041 a composite number?
False
Is 925214 composite?
True
Is 72609749 a composite number?
True
Is 153197159 prime?
True
Is 2756333 a prime number?
False
Is 101406793 prime?
False
Is 49625273 a prime number?
True
Is 3029603 prime?
True
Is 1518469 prime?
False
Is 8440039 composite?
True
Is 13719733 a composite number?
False
Is 1838801 a composite number?
True
Is 1458337 composite?
False
Is 19478341 prime?
True
Is 2205493 a composite number?
True
Is 806563 prime?
False
Is 14778161 prime?
True
Is 346706587 composite?
True
Is 6925283 prime?
True
Is 4808201 composite?
True
Is 23740861 a composite number?
True
Is 1190219 a prime number?
False
Is 78241519 a composite number?
False
Is 247722253 prime?
True
Is 29606641 composite?
False
Is 69191303 a composite number?
True
Is 85060961 composite?
True
Is 7970327 a prime number?
True
Is 236228119 composite?
False
Is 19648459 a composite number?
False
Is 145074679 composite?
False
Is 392828551 a prime number?
False
Is 88466431 prime?
True
Is 7600427 a prime number?
True
Is 1464781 prime?
False
Is 2922785 composite?
True
Is 11930869 prime?
True
Is 15040561 composite?
False
Is 4280741 prime?
True
Is 3163 a prime number?
True
Is 4794949 prime?
True
Is 9407209 prime?
False
Is 7596241 prime?
True
Is 75958229 prime?
False
Is 13359526 a prime number?
False
Is 48597397 prime?
False
Is 1246698637 prime?
False
Is 16244545 a composite number?
True
Is 5875187 composite?
False
Is 180533 a prime number?
True
Is 20877853 a prime number?
False
Is 59921 prime?
True
Is 261561169 prime?
False
Is 5855839 a composite number?
True
Is 141763121 a prime number?
False
Is 5084671 prime?
True
Is 119863435 composite?
True
Is 111136423 prime?
True
Is 3865469 a composite number?
False
Is 600529889 composite?
False
Is 13853881 prime?
True
Is 45141079 a prime number?
True
Is 18617483 prime?
True
Is 8968919 prime?
False
Is 16145777 prime?
True
Is 1176337 composite?
True
Is 2345393 composite?
True
Is 81980221 prime?
False
Is 344236899 composite?
True
Is 89233877 a composite number?
True
Is 267152891 a composite number?
True
Is 9101723 prime?
False
Is 909071 composite?
False
Is 54092173 a prime number?
True
Is 307121 a composite number?
False
Is 1506539 composite?
True
Is 3015303 a composite number?
True
Is 12159053 a composite number?
False
Is 15215845 a prime number?
False
Is 3356641 a composite number?
False
Is 196454 a composite number?
True
Is 26505277 a prime number?
True
Is 122483 composite?
True
Is 441097 prime?
False
Is 34414583 a prime number?
False
Is 233821439 composite?
True
Is 164859689 composite?
True
Is 13508821 a composite number?
False
Is 1359223 composite?
False
Is 68008753 a prime number?
True
Is 203377 a prime number?
False
Is 95294723 a composite number?
False
Is 24556027 a compo